ppose 0 = -5*v, -4*s + p = 2*v - 7*v. What is the tens digit of s?
0
Let g(m) = 88*m**2 - 62*m - 384. What is the hundreds digit of g(-12)?
0
Let f = 2671 + -1623. Let b = f - 656. Suppose -31*t = -27*t - b. What is the tens digit of t?
9
Let w(r) = -8*r**2 - 20*r**3 - 6 + 24*r**3 - 3 - 4*r. Let h be w(5). Suppose -2*z - v = -h, -3*z - 2*z + 671 = -4*v. What is the hundreds digit of z?
1
Suppose 21181 = -17*u + 29*u - 9887. What is the thousands digit of u?
2
Let q(j) = 5*j**2 - 46*j + 40. Suppose -259 = -15*z + 71. What is the tens digit of q(z)?
4
Let o(j) = -42*j + 2892. What is the tens digit of o(-61)?
5
Suppose 3*u + 18 = 3*a, -3*a + 5*a = 10. Let w be (u + (-2 - (-150 - -1)))/1. Let d = w + -63. What is the units digit of d?
3
Let t = 7 + 1. Suppose -t + 2 = -2*q. Suppose 2*s + 5*j = 65 + 73, -j - 224 = -q*s. What is the tens digit of s?
7
Suppose 0 = 2*r + m - 39, 4*m + 50 + 14 = 2*r. Suppose 3993 = r*t - 561. What is the tens digit of t?
0
Suppose -c = -2*b + 25625, -b - 4*c = -3609 - 9172. What is the thousands digit of b?
2
Let z(r) = 943*r**3 - 52*r**2 + 168*r - 13. What is the units digit of z(3)?
4
Let l = -49 + 54. Suppose -377 = -5*u + b + 58, -l*u + 5*b = -455. Suppose -44*g - u = -46*g. What is the tens digit of g?
4
Let f = 35924 - 209. What is the tens digit of f?
1
Let z(r) = -r - 12. Let g(h) = -h + 12. Let b be g(12). Let n be z(b). What is the tens digit of (49 - -1) + (n - -12)?
5
Suppose -8*d = -5*d + 3*a - 786, 0 = -4*d + 3*a + 1083. Suppose 0*x + 2*n - d = -x, -x - 5*n + 279 = 0. What is the hundreds digit of x?
2
Let d(f) = f**3 - 3*f**2 - 2*f + 6. Let c be d(3). Let r be -4 - 1/(1 + c). Let l(k) = -k**3 + 3*k + 7. What is the hundreds digit of l(r)?
1
Let s = 28 - -2918. Let q = -1955 + s. What is the units digit of q?
1
Let i be 526*1*(5 - (-250)/20). Suppose -7*y - 868 = -i. What is the units digit of y?
1
Let n(j) = -2*j**3 + 19*j**2 - 3*j + 8. Let v(l) = l**2 + 6*l - 9. Let g be v(-7). Let d = 7 - g. What is the tens digit of n(d)?
6
Suppose -2 = b - 0. Let l be 1*(-6)/(-12) - (-5)/b. What is the units digit of (l + -24)/(3 + (-34)/10)?
5
Let o(w) = -6*w + 15. Let r be o(-3). Suppose x = -2, 0*t - r = -5*t + 4*x. Suppose -17 = -2*s + v, -t*s = 4*v - 2*v - 29. What is the units digit of s?
7
Suppose -4*a + 16 = 0, 4*b + 3*a - 13368 + 1060 = 0. What is the hundreds digit of b?
0
Let r = 14266 - 7633. What is the units digit of r?
3
Suppose -33 = -4*i - 13. Suppose 0 = i*p - 84 - 26. Suppose 2*t + 5*y = 3*y + p, -4*y = -2*t + 34. What is the units digit of t?
3
Let x(i) = 7*i**2 + 21*i - 772. What is the units digit of x(24)?
4
Suppose 4*m - 2*m = s + 479, 5*m = -5*s - 2410. Suppose -14*f + 17*f - 2127 = 0. Let v = f + s. What is the hundreds digit of v?
2
Let d = 94824 - 53544. What is the units digit of d?
0
Suppose 0 = -4*d - 8, 37*y + 3 = 38*y + 2*d. What is the hundreds digit of (13746/7)/2 + y/49?
9
Let q(f) = 2*f**3 - 165*f**2 + 78*f - 582. What is the thousands digit of q(84)?
7
Let r = -1035 - -5624. What is the units digit of r?
9
Let z(f) be the second derivative of -7*f**3/6 - 22*f**2 - 7*f. Suppose 10*k + 19 = 5*k + 4*y, -y = -3*k - 17. What is the units digit of z(k)?
5
Let n = -17170 + 31527. What is the ten thousands digit of n?
1
What is the hundreds digit of (46684/(-55))/(5*9/(-450))?
4
Suppose 5*h - 43*c - 4440 = -38*c, -3*c - 3554 = -4*h. What is the units digit of h?
0
Suppose 7868 = 1832*x - 1830*x. What is the thousands digit of x?
3
Let k be (-10*(-5 - -3))/((-6)/75*1). Let t(h) = -4*h**2 + 1. Let u be t(5). Let p = u - k. What is the hundreds digit of p?
1
Let f(g) = g**2 - 3*g + 3. Let w be f(9). Let q(c) = 2*c**2 - 10*c - 92. Let h be q(11). Let d = w - h. What is the tens digit of d?
1
Suppose -5 = -97*c + 92*c, -4*r = -c - 112715. What is the hundreds digit of r?
1
Let a = -65 + 64. Let u be (-4)/(1/a) + 2957. What is the hundreds digit of u/(-105)*1*-5?
1
Let c = -1663 + 2223. Let k = 97 + 16. Suppose -5*r - 4*j + 101 = -c, -k = -r + 4*j. What is the hundreds digit of r?
1
What is the thousands digit of (10/(-15)*1)/(3/(-9783))?
2
Let v(n) = -64*n**3 + 9*n**2 + n - 17. Let p be v(4). Let b = -2394 - p. What is the thousands digit of b?
1
Let x = 8 - 12. Let r be 201/(-5) - x/20. Let k = 98 + r. What is the tens digit of k?
5
Suppose -29*a + 234 + 85 = 0. Suppose -a*n = 131 - 3783. What is the hundreds digit of n?
3
Let o = -36 + 63. Suppose 0 = -9*q + o + 135. What is the units digit of 2*(-6)/q*546/(-4)?
1
Let v be -2 - -5 - ((-2)/(-2) - 1). Suppose -v*a + 646 = 118. Let n = -53 + a. What is the hundreds digit of n?
1
What is the hundreds digit of (2*3/18)/((-5900020)/(-203448) - 29)?
4
Let d(w) = 965*w**2 + 95*w + 11. What is the thousands digit of d(-3)?
8
Let i(r) = 2*r**2 - 4*r**2 + 2 + 17*r**3 - 72*r + 70*r - 6. What is the hundreds digit of i(2)?
1
Let r(o) = o + 6. Let y be r(-6). Suppose y = 3*k - 7*b + 3*b - 1002, 4*k = -2*b + 1358. What is the tens digit of k?
3
What is the hundreds digit of 4/96 + 54774758/2544?
5
Let q = 236 + -146. Let b = q + -87. Let v(n) = -n**3 + 9*n**2 + 3*n - 4. What is the tens digit of v(b)?
5
Suppose 24*z - 39*z = -12915. Let y = z - -425. What is the tens digit of y?
8
Let r(l) = l**2 + 3*l - 7. Let y be ((-10)/(-6)*-3)/1. Let x be r(y). Suppose -5*p + 119 = -j, -x*p - 47 + 121 = 2*j. What is the units digit of p?
4
Let z = 242 + -239. Let b = -9 - -30. What is the tens digit of 1148/b + z/9?
5
Let n = 37817 - -4730. What is the units digit of n?
7
Let j be (-2)/2 + 5 + 1034. Suppose 0 = 11*v - j - 249. What is the hundreds digit of v?
1
Suppose 93*r - 17571 = 90*r. What is the units digit of r?
7
Suppose u = -2*u - 3. Let g(b) = 0*b + 13*b + 6*b**2 + 11*b - 22*b + 1. What is the units digit of g(u)?
5
Suppose 17*m - 16*m = 4. Suppose -5 = -m*q - q. What is the units digit of ((q - 2)*1)/(2/(-96))?
8
What is the thousands digit of 90078/7 - ((-26)/169 - 80/(-182))?
2
Let j(h) = 3*h**2 + 12*h - 14. Let v be j(-6). Let c(r) = 7*r + 164. What is the units digit of c(v)?
8
Suppose 0 = -5*b + 51 + 409. Suppose 0 = -90*g + b*g - 130. What is the units digit of g?
5
Let k be ((-247)/(-2))/(5/30). Suppose 741 = 16*d - 15*d + u, 4*u + k = d. What is the hundreds digit of d?
7
What is the ten thousands digit of 38810 + (3 - (4 + 3)) - (-64)/(-8)?
3
Let z(y) = -2*y**3 - 8*y**2 + 5*y - 5. Let r be 8/2 - (4 + -8 + 15). What is the units digit of z(r)?
4
Let s be (-6 + -4 + 2)*2. What is the units digit of (s - -8 - -1)/((-2)/4)?
4
Suppose 10*k - 7*k = 72. Suppose 3*j + k = -5*c - 0*j, 4*c = -j - 15. Let d(r) = -6*r**3 + 2*r**2 - 5*r - 9. What is the hundreds digit of d(c)?
1
Let t(x) = x**3 + 2*x**2 - 4*x + 62. Let o = 20 + -25. Let q be (-1)/4 - o/20. What is the units digit of t(q)?
2
Suppose -f = -9*r + 6*r + 35715, 3*r = -3*f + 35715. What is the hundreds digit of r?
9
Let g(i) = -6*i - 3. Let r be g(3). Let k(f) = -f**2 - 22*f - 17. Let m be k(r). Suppose 0 = -2*t - m, 0 = j - 3*t - 25 - 3. What is the units digit of j?
2
Let q = -6234 + 21942. What is the units digit of q?
8
Let k be (20/25)/((-2)/(-35)). Suppose -5*l - 4 + k = 0. Suppose 3*o = l*o + 5*r + 60, 0 = -r + 5. What is the tens digit of o?
8
What is the units digit of 5/15 + 84800/192 + (0 - 7)?
5
Let p = -128 + 443. Suppose 14*l = 11*l + p. What is the tens digit of l?
0
Let w(z) = 92*z**3 - 8*z**2 + 21*z - 184. What is the tens digit of w(8)?
7
Let o(m) = 3*m**3 - 8*m**2 + 9*m + 18. Let n(r) = 4*r**3 - 7*r**2 + 8*r + 19. Let g(b) = -5*n(b) + 6*o(b). What is the tens digit of g(-10)?
7
Let o = -20 + 32. Suppose -9*m = -o*m + 15. Suppose -411 = -m*q + 569. What is the tens digit of q?
9
Suppose -2 = -2*b + b. Suppose y + 4*y = -b*k - 283, 5*k + 5*y + 730 = 0. What is the hundreds digit of k*(25/(-5))/5?
1
Let v = 2413 - -1576. What is the tens digit of v?
8
Let d(o) = o**2 + 27*o + 240. Let b(a) = -13*a**2 + 15*a - 16. Let y be b(1). What is the tens digit of d(y)?
5
Let n be 7342/14 - (-207)/(-483). Let i = n - -305. What is the hundreds digit of i?
8
Let w(t) = 381*t + 4. Suppose -9*b + 14 = 5. What is the units digit of w(b)?
5
Suppose 2*w - 4*s = 4124, 3*w = s - 6*s + 6164. What is the units digit of w?
8
Let i = -2852 - -10702. What is the hundreds digit of i?
8
Let j(i) = i**3 